common divisor of 47 and 263576?
47
What is the highest common factor of 156 and 166920?
156
Calculate the greatest common factor of 429660 and 189.
63
What is the highest common factor of 13135 and 3145?
185
Calculate the highest common divisor of 22 and 14102.
22
Calculate the greatest common divisor of 3937 and 17081.
31
Calculate the greatest common divisor of 321630 and 95850.
2130
Calculate the greatest common factor of 384 and 15066.
6
What is the greatest common factor of 19730 and 590?
10
Calculate the highest common factor of 475 and 610850.
475
What is the greatest common divisor of 562 and 22761?
281
Calculate the greatest common factor of 86 and 503014.
86
What is the highest common factor of 550035 and 2805?
255
Calculate the highest common divisor of 45 and 1504710.
45
What is the highest common factor of 799936 and 29?
29
What is the highest common factor of 553648 and 400?
16
Calculate the highest common factor of 133 and 29183.
7
What is the greatest common divisor of 8993 and 51?
17
Calculate the highest common divisor of 579558 and 1302.
42
What is the greatest common divisor of 170877 and 651?
21
What is the greatest common factor of 3672 and 14824?
136
What is the highest common divisor of 661 and 526817?
661
What is the greatest common factor of 100 and 15775?
25
What is the greatest common factor of 9 and 833121?
9
Calculate the greatest common factor of 83048 and 24.
8
What is the highest common factor of 30 and 41115?
15
Calculate the highest common divisor of 76 and 147497.
19
Calculate the highest common factor of 4807 and 1881.
209
What is the highest common divisor of 203762 and 884?
442
What is the highest common divisor of 15628 and 972?
4
What is the highest common divisor of 1456 and 20722?
26
What is the highest common divisor of 35 and 76300?
35
Calculate the highest common divisor of 12581 and 943.
23
What is the highest common factor of 219 and 4148371?
73
What is the highest common factor of 7 and 38?
1
What is the greatest common factor of 44 and 494318?
22
What is the highest common factor of 2274 and 846686?
758
Calculate the greatest common divisor of 6441161 and 29.
29
Calculate the greatest common divisor of 984237 and 222.
111
What is the greatest common factor of 3624747 and 63?
21
What is the greatest common factor of 130 and 917345?
65
What is the highest common divisor of 25326 and 231?
21
Calculate the highest common divisor of 315 and 361725.
105
What is the highest common factor of 1074401 and 199?
199
Calculate the greatest common factor of 894 and 18.
6
What is the greatest common factor of 46350 and 4950?
450
What is the highest common factor of 1488890 and 39?
13
What is the highest common divisor of 5138 and 13132?
14
Calculate the highest common factor of 422 and 119215.
211
Calculate the greatest common factor of 1512 and 422289.
63
What is the greatest common factor of 39960 and 760?
40
What is the greatest common factor of 2601401 and 7612?
1903
Calculate the highest common divisor of 13184 and 10094.
206
What is the highest common factor of 102 and 19686?
102
What is the greatest common factor of 236730 and 1365?
195
Calculate the highest common divisor of 229609 and 207.
23
What is the highest common divisor of 48672 and 1440?
288
What is the highest common divisor of 2442 and 562474?
814
Calculate the greatest common factor of 13702 and 61438.
442
What is the highest common divisor of 17 and 107916?
17
Calculate the highest common factor of 78 and 774462.
78
What is the highest common factor of 10004730 and 20?
10
Calculate the greatest common factor of 95921 and 65604.
497
What is the greatest common divisor of 1512651 and 21?
21
What is the greatest common factor of 15417 and 23411?
571
What is the highest common factor of 7504 and 896?
112
What is the greatest common divisor of 26488 and 1075?
43
What is the highest common factor of 215 and 375605?
215
Calculate the greatest common factor of 878006 and 158.
158
What is the greatest common factor of 14434 and 56?
14
What is the greatest common divisor of 287 and 47478?
41
What is the highest common divisor of 37683 and 3318?
237
What is the greatest common factor of 13091 and 53?
53
What is the highest common factor of 782 and 112999?
391
What is the highest common factor of 240 and 39660?
60
Calculate the highest common divisor of 8881 and 6527.
107
What is the highest common factor of 12869 and 527?
17
What is the greatest common divisor of 7927 and 1?
1
Calculate the greatest common divisor of 31628 and 84.
4
What is the highest common divisor of 268368 and 496?
16
Calculate the highest common factor of 1130 and 56048.
226
What is the highest common factor of 4280 and 160?
40
What is the highest common divisor of 5546 and 1410?
94
What is the highest common divisor of 14124 and 4596?
12
Calculate the greatest common divisor of 11152 and 3526.
82
What is the highest common factor of 4028 and 3922?
106
What is the greatest common factor of 669248 and 1024?
64
Calculate the highest common divisor of 1705 and 4565.
55
What is the greatest common divisor of 12267642 and 17?
17
What is the highest common factor of 2993 and 902?
41
Calculate the highest common factor of 918214 and 44.
22
What is the highest common factor of 7424 and 1624?
232
What is the highest common factor of 7436 and 66?
22
What is the greatest common divisor of 986 and 177344?
34
What is the highest common divisor of 272 and 41429?
17
Calculate the highest common factor of 6510 and 21630.
210
Calculate the greatest common factor of 68249 and 5560.
139
What is the greatest common divisor of 7126 and 782842?
1018
What is the highest common divisor of 7 and 52849?
1
Calculate the highest common divisor of 458 and 380369.
229
Calculate the highest common divisor of 29640 and 29040.
120
Calculate the highest common divisor of 1620 and 4308.
12
Calculate the greatest common factor of 15763 and 99.
11
What is the greatest common factor of 51961 and 130?
13
What is the greatest common factor of 140 and 186564?
28
What is the highest common divisor of 15 and 2118000?
15
What is the greatest common factor of 235 and 6?
1
Calculate the highest common divisor of 741 and 78.
39
Calculate the greatest common divisor of 24 and 186928.
8
What is the highest common factor of 1507926 and 1784?
446
Calculate the highest common factor of 150241 and 1016.
127
What is the greatest common divisor of 135003 and 33?
33
Calculate the greatest common factor of 146453 and 4276.
1069
Calculate the highest common factor of 67682 and 86.
86
Calculate the greatest common factor of 14 and 306894.
14
Calculate the highest common factor of 3090965 and 29.
29
Calculate the greatest common divisor of 22 and 205909.
11
Calculate the greatest common factor of 98 and 190078.
14
Calculate the highest common divisor of 135482 and 6.
2
Calculate the greatest common factor of 12206 and 306.
34
What is the greatest common factor of 29944 and 591?
197
Calculate the highest common factor of 822 and 570.
6
What is the highest common divisor of 8117654 and 3812?
1906
What is the greatest common divisor of 50 and 6280?
10
Calculate the greatest common divisor of 5533 and 462.
11
What is the greatest common factor of 11289 and 14555?
71
Calculate the highest common factor of 268 and 1050292.
268
What is the highest common factor of 90 and 171198?
18
What is the greatest common factor of 14352 and 23736?
552
What is the highest common divisor of 2891514 and 138?
138
What is the greatest common factor of 29 and 439?
1
What is the highest common factor of 10926 and 90?
18
Calculate the greatest common divisor of 13703 and 9.
1
What is the highest common divisor of 12295131 and 1473?
1473
What is the highest common factor of 144 and 26832?
48
Calculate the highest common factor of 18375 and 61500.
375
What is the greatest common divisor of 400 and 8940800?
400
What is the highest common divisor of 161248 and 8?
8
Calculate the greatest common factor of 102890 and 70.
10
Calculate the highest common factor of 145968 and 96.
48
Calculate the highest common factor of 1494628 and 4.
4
What is the greatest common factor of 115 and 1354240?
115
What is the highest common divisor of 81834 and 414?
138
Calculate the 